{"id":1353,"date":"2024-05-28T14:06:54","date_gmt":"2024-05-28T14:06:54","guid":{"rendered":"https:\/\/www.belenushotel.hu\/?page_id=1353"},"modified":"2024-06-07T18:41:00","modified_gmt":"2024-06-07T18:41:00","slug":"gedenkstaette-istvan-fekete-und-matula-onkels-huette","status":"publish","type":"page","link":"https:\/\/www.belenushotel.hu\/de\/service\/programme\/gedenkstaette-istvan-fekete-und-matula-onkels-huette\/","title":{"rendered":"Gedenkst\u00e4tte Istv\u00e1n Fekete und Matula Onkel&#8217;s H\u00fctte"},"content":{"rendered":"<p>Auf der Di\u00e1s-Insel im Gebiet des Kis-Balaton finden wir das dem Autor von &#8222;T\u00fcskev\u00e1r&#8220;, Istv\u00e1n Fekete, gewidmete Gedenkhaus und auch die aus dem Roman bekannte H\u00fctte von Matula Onkel.<\/p>\n<h2>Die zauberhafte Welt von Matula Onkel<\/h2>\n<p>Die Di\u00e1s-Insel befindet sich im Gebiet des Kis-Balaton, s\u00fcdwestlich des Balaton, von dem ein gro\u00dfer Teil unter Naturschutz steht. Das Gebiet ist f\u00fcr seine immer sumpfige Landschaft und stark schwankenden Wasserst\u00e4nde bekannt.<\/p>\n<p>Die Insel ist von der Richtung S\u00e1rmell\u00e9k aus, am Kreuzungspunkt der Hauptstra\u00dfen 71 und 76, zu erreichen. In ihren versteckten W\u00e4ldern finden wir das dem Autor von &#8222;T\u00fcskev\u00e1r&#8220;, Istv\u00e1n Fekete, gewidmete Gedenkhaus, in dem Besucher einen Einblick in das Arbeitszimmer des ber\u00fchmten K\u00fcnstlers erhalten. Fans von &#8222;T\u00fcskev\u00e1r&#8220; k\u00f6nnen nicht nur in ihrer Vorstellung zu Matula Onkels H\u00fctte gelangen und die Natursch\u00e4tze des Gebiets entdecken: Dieser Teil des Kis-Balaton kann auf gef\u00fchrten Touren besucht werden, die mit Genehmigung der Direktion des Nationalparks Balaton-Oberland organisiert werden.<\/p>\n<p>Au\u00dferdem befindet sich hier auch das Gedenkzimmer des Naturwissenschaftlers Jakab V\u00f6n\u00f6czky Schenk.<\/p>\n","protected":false},"excerpt":{"rendered":"<p>Auf der Di\u00e1s-Insel im Gebiet des Kis-Balaton finden wir das dem Autor von &#8222;T\u00fcskev\u00e1r&#8220;, Istv\u00e1n Fekete, gewidmete Gedenkhaus und auch die aus dem Roman bekannte H\u00fctte von Matula Onkel. Die zauberhafte Welt von Matula Onkel Die Di\u00e1s-Insel befindet sich im Gebiet des Kis-Balaton, s\u00fcdwestlich des Balaton, von dem ein gro\u00dfer Teil unter Naturschutz steht. Das [&hellip;]<\/p>\n","protected":false},"author":1,"featured_media":0,"parent":1582,"menu_order":62,"comment_status":"closed","ping_status":"closed","template":"","meta":{"footnotes":""},"class_list":["post-1353","page","type-page","status-publish","hentry"],"yoast_head":"<!-- This site is optimized with the Yoast SEO plugin v27.0 - https:\/\/yoast.com\/product\/yoast-seo-wordpress\/ -->\n<title>Gedenkst\u00e4tte Istv\u00e1n Fekete und Matula Onkel&#039;s H\u00fctte | Belenus Thermalhotel *** Zalakaros<\/title>\n<meta name=\"description\" content=\"Legjobb \u00e1rak a saj\u00e1t honlapon - Igaz\u00e1n isteni hely a felt\u00f6lt\u0151 wellness pihen\u00e9sre. Csod\u00e1s parkkal \u00e9s term\u00e1lvizes medenc\u00e9vel\" \/>\n<meta name=\"robots\" content=\"index, follow, max-snippet:-1, max-image-preview:large, max-video-preview:-1\" \/>\n<link rel=\"canonical\" href=\"https:\/\/www.belenushotel.hu\/de\/service\/programme\/gedenkstaette-istvan-fekete-und-matula-onkels-huette\/\" \/>\n<meta property=\"og:locale\" content=\"de_DE\" \/>\n<meta property=\"og:type\" content=\"article\" \/>\n<meta property=\"og:title\" content=\"Gedenkst\u00e4tte Istv\u00e1n Fekete und Matula Onkel&#039;s H\u00fctte | Belenus Thermalhotel *** Zalakaros\" \/>\n<meta property=\"og:description\" content=\"Legjobb \u00e1rak a saj\u00e1t honlapon - Igaz\u00e1n isteni hely a felt\u00f6lt\u0151 wellness pihen\u00e9sre. Csod\u00e1s parkkal \u00e9s term\u00e1lvizes medenc\u00e9vel\" \/>\n<meta property=\"og:url\" content=\"https:\/\/www.belenushotel.hu\/de\/service\/programme\/gedenkstaette-istvan-fekete-und-matula-onkels-huette\/\" \/>\n<meta property=\"og:site_name\" content=\"Belenus Thermalhotel *** Zalakaros\" \/>\n<meta property=\"article:publisher\" content=\"https:\/\/www.facebook.com\/belenushotel\" \/>\n<meta property=\"article:modified_time\" content=\"2024-06-07T18:41:00+00:00\" \/>\n<meta property=\"og:image\" content=\"https:\/\/www.belenushotel.hu\/files\/2024\/06\/KEP_9076.webp\" \/>\n\t<meta property=\"og:image:width\" content=\"1500\" \/>\n\t<meta property=\"og:image:height\" content=\"1000\" \/>\n\t<meta property=\"og:image:type\" content=\"image\/webp\" \/>\n<meta name=\"twitter:card\" content=\"summary_large_image\" \/>\n<meta name=\"twitter:label1\" content=\"Gesch\u00e4tzte Lesezeit\" \/>\n\t<meta name=\"twitter:data1\" content=\"1\u00a0Minute\" \/>\n<script type=\"application\/ld+json\" class=\"yoast-schema-graph\">{\"@context\":\"https:\/\/schema.org\",\"@graph\":[{\"@type\":\"WebPage\",\"@id\":\"https:\/\/www.belenushotel.hu\/de\/service\/programme\/gedenkstaette-istvan-fekete-und-matula-onkels-huette\/\",\"url\":\"https:\/\/www.belenushotel.hu\/de\/service\/programme\/gedenkstaette-istvan-fekete-und-matula-onkels-huette\/\",\"name\":\"Gedenkst\u00e4tte Istv\u00e1n Fekete und Matula Onkel's H\u00fctte | Belenus Thermalhotel *** Zalakaros\",\"isPartOf\":{\"@id\":\"https:\/\/www.belenushotel.hu\/#website\"},\"datePublished\":\"2024-05-28T14:06:54+00:00\",\"dateModified\":\"2024-06-07T18:41:00+00:00\",\"description\":\"Legjobb \u00e1rak a saj\u00e1t honlapon - Igaz\u00e1n isteni hely a felt\u00f6lt\u0151 wellness pihen\u00e9sre. Csod\u00e1s parkkal \u00e9s term\u00e1lvizes medenc\u00e9vel\",\"breadcrumb\":{\"@id\":\"https:\/\/www.belenushotel.hu\/de\/service\/programme\/gedenkstaette-istvan-fekete-und-matula-onkels-huette\/#breadcrumb\"},\"inLanguage\":\"de\",\"potentialAction\":[{\"@type\":\"ReadAction\",\"target\":[\"https:\/\/www.belenushotel.hu\/de\/service\/programme\/gedenkstaette-istvan-fekete-und-matula-onkels-huette\/\"]}]},{\"@type\":\"BreadcrumbList\",\"@id\":\"https:\/\/www.belenushotel.hu\/de\/service\/programme\/gedenkstaette-istvan-fekete-und-matula-onkels-huette\/#breadcrumb\",\"itemListElement\":[{\"@type\":\"ListItem\",\"position\":1,\"name\":\"Service\",\"item\":\"https:\/\/www.belenushotel.hu\/de\/service\/\"},{\"@type\":\"ListItem\",\"position\":2,\"name\":\"Programme\",\"item\":\"https:\/\/www.belenushotel.hu\/de\/service\/programme\/\"},{\"@type\":\"ListItem\",\"position\":3,\"name\":\"Gedenkst\u00e4tte Istv\u00e1n Fekete und Matula Onkel&#8217;s H\u00fctte\"}]},{\"@type\":\"WebSite\",\"@id\":\"https:\/\/www.belenushotel.hu\/#website\",\"url\":\"https:\/\/www.belenushotel.hu\/\",\"name\":\"Belenus Thermalhotel *** Superior Zalakaros\",\"description\":\"Egy \u201eisteni\u201d hely...\",\"publisher\":{\"@id\":\"https:\/\/www.belenushotel.hu\/#organization\"},\"potentialAction\":[{\"@type\":\"SearchAction\",\"target\":{\"@type\":\"EntryPoint\",\"urlTemplate\":\"https:\/\/www.belenushotel.hu\/?s={search_term_string}\"},\"query-input\":{\"@type\":\"PropertyValueSpecification\",\"valueRequired\":true,\"valueName\":\"search_term_string\"}}],\"inLanguage\":\"de\"},{\"@type\":\"Organization\",\"@id\":\"https:\/\/www.belenushotel.hu\/#organization\",\"name\":\"Belenus Thermalhotel *** Superior Zalakaros\",\"url\":\"https:\/\/www.belenushotel.hu\/\",\"logo\":{\"@type\":\"ImageObject\",\"inLanguage\":\"de\",\"@id\":\"https:\/\/www.belenushotel.hu\/#\/schema\/logo\/image\/\",\"url\":\"https:\/\/www.belenushotel.hu\/files\/2024\/06\/belenus_logo_696.webp\",\"contentUrl\":\"https:\/\/www.belenushotel.hu\/files\/2024\/06\/belenus_logo_696.webp\",\"width\":696,\"height\":696,\"caption\":\"Belenus Thermalhotel *** Superior Zalakaros\"},\"image\":{\"@id\":\"https:\/\/www.belenushotel.hu\/#\/schema\/logo\/image\/\"},\"sameAs\":[\"https:\/\/www.facebook.com\/belenushotel\"]}]}<\/script>\n<!-- \/ Yoast SEO plugin. -->","yoast_head_json":{"title":"Gedenkst\u00e4tte Istv\u00e1n Fekete und Matula Onkel's H\u00fctte | Belenus Thermalhotel *** Zalakaros","description":"Legjobb \u00e1rak a saj\u00e1t honlapon - Igaz\u00e1n isteni hely a felt\u00f6lt\u0151 wellness pihen\u00e9sre. Csod\u00e1s parkkal \u00e9s term\u00e1lvizes medenc\u00e9vel","robots":{"index":"index","follow":"follow","max-snippet":"max-snippet:-1","max-image-preview":"max-image-preview:large","max-video-preview":"max-video-preview:-1"},"canonical":"https:\/\/www.belenushotel.hu\/de\/service\/programme\/gedenkstaette-istvan-fekete-und-matula-onkels-huette\/","og_locale":"de_DE","og_type":"article","og_title":"Gedenkst\u00e4tte Istv\u00e1n Fekete und Matula Onkel's H\u00fctte | Belenus Thermalhotel *** Zalakaros","og_description":"Legjobb \u00e1rak a saj\u00e1t honlapon - Igaz\u00e1n isteni hely a felt\u00f6lt\u0151 wellness pihen\u00e9sre. Csod\u00e1s parkkal \u00e9s term\u00e1lvizes medenc\u00e9vel","og_url":"https:\/\/www.belenushotel.hu\/de\/service\/programme\/gedenkstaette-istvan-fekete-und-matula-onkels-huette\/","og_site_name":"Belenus Thermalhotel *** Zalakaros","article_publisher":"https:\/\/www.facebook.com\/belenushotel","article_modified_time":"2024-06-07T18:41:00+00:00","og_image":[{"width":1500,"height":1000,"url":"https:\/\/www.belenushotel.hu\/files\/2024\/06\/KEP_9076.webp","type":"image\/webp"}],"twitter_card":"summary_large_image","twitter_misc":{"Gesch\u00e4tzte Lesezeit":"1\u00a0Minute"},"schema":{"@context":"https:\/\/schema.org","@graph":[{"@type":"WebPage","@id":"https:\/\/www.belenushotel.hu\/de\/service\/programme\/gedenkstaette-istvan-fekete-und-matula-onkels-huette\/","url":"https:\/\/www.belenushotel.hu\/de\/service\/programme\/gedenkstaette-istvan-fekete-und-matula-onkels-huette\/","name":"Gedenkst\u00e4tte Istv\u00e1n Fekete und Matula Onkel's H\u00fctte | Belenus Thermalhotel *** Zalakaros","isPartOf":{"@id":"https:\/\/www.belenushotel.hu\/#website"},"datePublished":"2024-05-28T14:06:54+00:00","dateModified":"2024-06-07T18:41:00+00:00","description":"Legjobb \u00e1rak a saj\u00e1t honlapon - Igaz\u00e1n isteni hely a felt\u00f6lt\u0151 wellness pihen\u00e9sre. Csod\u00e1s parkkal \u00e9s term\u00e1lvizes medenc\u00e9vel","breadcrumb":{"@id":"https:\/\/www.belenushotel.hu\/de\/service\/programme\/gedenkstaette-istvan-fekete-und-matula-onkels-huette\/#breadcrumb"},"inLanguage":"de","potentialAction":[{"@type":"ReadAction","target":["https:\/\/www.belenushotel.hu\/de\/service\/programme\/gedenkstaette-istvan-fekete-und-matula-onkels-huette\/"]}]},{"@type":"BreadcrumbList","@id":"https:\/\/www.belenushotel.hu\/de\/service\/programme\/gedenkstaette-istvan-fekete-und-matula-onkels-huette\/#breadcrumb","itemListElement":[{"@type":"ListItem","position":1,"name":"Service","item":"https:\/\/www.belenushotel.hu\/de\/service\/"},{"@type":"ListItem","position":2,"name":"Programme","item":"https:\/\/www.belenushotel.hu\/de\/service\/programme\/"},{"@type":"ListItem","position":3,"name":"Gedenkst\u00e4tte Istv\u00e1n Fekete und Matula Onkel&#8217;s H\u00fctte"}]},{"@type":"WebSite","@id":"https:\/\/www.belenushotel.hu\/#website","url":"https:\/\/www.belenushotel.hu\/","name":"Belenus Thermalhotel *** Superior Zalakaros","description":"Egy \u201eisteni\u201d hely...","publisher":{"@id":"https:\/\/www.belenushotel.hu\/#organization"},"potentialAction":[{"@type":"SearchAction","target":{"@type":"EntryPoint","urlTemplate":"https:\/\/www.belenushotel.hu\/?s={search_term_string}"},"query-input":{"@type":"PropertyValueSpecification","valueRequired":true,"valueName":"search_term_string"}}],"inLanguage":"de"},{"@type":"Organization","@id":"https:\/\/www.belenushotel.hu\/#organization","name":"Belenus Thermalhotel *** Superior Zalakaros","url":"https:\/\/www.belenushotel.hu\/","logo":{"@type":"ImageObject","inLanguage":"de","@id":"https:\/\/www.belenushotel.hu\/#\/schema\/logo\/image\/","url":"https:\/\/www.belenushotel.hu\/files\/2024\/06\/belenus_logo_696.webp","contentUrl":"https:\/\/www.belenushotel.hu\/files\/2024\/06\/belenus_logo_696.webp","width":696,"height":696,"caption":"Belenus Thermalhotel *** Superior Zalakaros"},"image":{"@id":"https:\/\/www.belenushotel.hu\/#\/schema\/logo\/image\/"},"sameAs":["https:\/\/www.facebook.com\/belenushotel"]}]}},"_links":{"self":[{"href":"https:\/\/www.belenushotel.hu\/de\/wp-json\/wp\/v2\/pages\/1353","targetHints":{"allow":["GET"]}}],"collection":[{"href":"https:\/\/www.belenushotel.hu\/de\/wp-json\/wp\/v2\/pages"}],"about":[{"href":"https:\/\/www.belenushotel.hu\/de\/wp-json\/wp\/v2\/types\/page"}],"author":[{"embeddable":true,"href":"https:\/\/www.belenushotel.hu\/de\/wp-json\/wp\/v2\/users\/1"}],"replies":[{"embeddable":true,"href":"https:\/\/www.belenushotel.hu\/de\/wp-json\/wp\/v2\/comments?post=1353"}],"version-history":[{"count":0,"href":"https:\/\/www.belenushotel.hu\/de\/wp-json\/wp\/v2\/pages\/1353\/revisions"}],"up":[{"embeddable":true,"href":"https:\/\/www.belenushotel.hu\/de\/wp-json\/wp\/v2\/pages\/1582"}],"wp:attachment":[{"href":"https:\/\/www.belenushotel.hu\/de\/wp-json\/wp\/v2\/media?parent=1353"}],"curies":[{"name":"wp","href":"https:\/\/api.w.org\/{rel}","templated":true}]}}

Gedenkstätte István Fekete und Matula Onkel&#8217;s Hütte

<p>Auf der Diás-Insel im Gebiet des Kis-Balaton finden wir das dem Autor von &#8222;Tüskevár&#8220;, István Fekete, gewidmete Gedenkhaus und auch die aus dem Roman bekannte Hütte von Matula Onkel.</p>
<h2>Die zauberhafte Welt von Matula Onkel</h2>
<p>Die Diás-Insel befindet sich im Gebiet des Kis-Balaton, südwestlich des Balaton, von dem ein großer Teil unter Naturschutz steht. Das Gebiet ist für seine immer sumpfige Landschaft und stark schwankenden Wasserstände bekannt.</p>
<p>Die Insel ist von der Richtung Sármellék aus, am Kreuzungspunkt der Hauptstraßen 71 und 76, zu erreichen. In ihren versteckten Wäldern finden wir das dem Autor von &#8222;Tüskevár&#8220;, István Fekete, gewidmete Gedenkhaus, in dem Besucher einen Einblick in das Arbeitszimmer des berühmten Künstlers erhalten. Fans von &#8222;Tüskevár&#8220; können nicht nur in ihrer Vorstellung zu Matula Onkels Hütte gelangen und die Naturschätze des Gebiets entdecken: Dieser Teil des Kis-Balaton kann auf geführten Touren besucht werden, die mit Genehmigung der Direktion des Nationalparks Balaton-Oberland organisiert werden.</p>
<p>Außerdem befindet sich hier auch das Gedenkzimmer des Naturwissenschaftlers Jakab Vönöczky Schenk.</p>

<p>Auf der Diás-Insel im Gebiet des Kis-Balaton finden wir das dem Autor von &#8222;Tüskevár&#8220;, István Fekete, gewidmete Gedenkhaus und auch die aus dem Roman bekannte Hütte von Matula Onkel. Die zauberhafte Welt von Matula Onkel Die Diás-Insel befindet sich im Gebiet des Kis-Balaton, südwestlich des Balaton, von dem ein großer Teil unter Naturschutz steht. Das [&hellip;]</p>

<!-- This site is optimized with the Yoast SEO plugin v27.0 - https://yoast.com/product/yoast-seo-wordpress/ -->
<title>Gedenkstätte István Fekete und Matula Onkel&#039;s Hütte | Belenus Thermalhotel *** Zalakaros</title>
<meta name="description" content="Legjobb árak a saját honlapon - Igazán isteni hely a feltöltő wellness pihenésre. Csodás parkkal és termálvizes medencével" />
<meta name="robots" content="index, follow, max-snippet:-1, max-image-preview:large, max-video-preview:-1" />
<link rel="canonical" href="https://www.belenushotel.hu/de/service/programme/gedenkstaette-istvan-fekete-und-matula-onkels-huette/" />
<meta property="og:locale" content="de_DE" />
<meta property="og:type" content="article" />
<meta property="og:title" content="Gedenkstätte István Fekete und Matula Onkel&#039;s Hütte | Belenus Thermalhotel *** Zalakaros" />
<meta property="og:description" content="Legjobb árak a saját honlapon - Igazán isteni hely a feltöltő wellness pihenésre. Csodás parkkal és termálvizes medencével" />
<meta property="og:url" content="https://www.belenushotel.hu/de/service/programme/gedenkstaette-istvan-fekete-und-matula-onkels-huette/" />
<meta property="og:site_name" content="Belenus Thermalhotel *** Zalakaros" />
<meta property="article:publisher" content="https://www.facebook.com/belenushotel" />
<meta property="article:modified_time" content="2024-06-07T18:41:00+00:00" />
<meta property="og:image" content="https://www.belenushotel.hu/files/2024/06/KEP_9076.webp" />
	<meta property="og:image:width" content="1500" />
	<meta property="og:image:height" content="1000" />
	<meta property="og:image:type" content="image/webp" />
<meta name="twitter:card" content="summary_large_image" />
<meta name="twitter:label1" content="Geschätzte Lesezeit" />
	<meta name="twitter:data1" content="1 Minute" />
<script type="application/ld+json" class="yoast-schema-graph">{"@context":"https://schema.org","@graph":[{"@type":"WebPage","@id":"https://www.belenushotel.hu/de/service/programme/gedenkstaette-istvan-fekete-und-matula-onkels-huette/","url":"https://www.belenushotel.hu/de/service/programme/gedenkstaette-istvan-fekete-und-matula-onkels-huette/","name":"Gedenkstätte István Fekete und Matula Onkel's Hütte | Belenus Thermalhotel *** Zalakaros","isPartOf":{"@id":"https://www.belenushotel.hu/#website"},"datePublished":"2024-05-28T14:06:54+00:00","dateModified":"2024-06-07T18:41:00+00:00","description":"Legjobb árak a saját honlapon - Igazán isteni hely a feltöltő wellness pihenésre. Csodás parkkal és termálvizes medencével","breadcrumb":{"@id":"https://www.belenushotel.hu/de/service/programme/gedenkstaette-istvan-fekete-und-matula-onkels-huette/#breadcrumb"},"inLanguage":"de","potentialAction":[{"@type":"ReadAction","target":["https://www.belenushotel.hu/de/service/programme/gedenkstaette-istvan-fekete-und-matula-onkels-huette/"]}]},{"@type":"BreadcrumbList","@id":"https://www.belenushotel.hu/de/service/programme/gedenkstaette-istvan-fekete-und-matula-onkels-huette/#breadcrumb","itemListElement":[{"@type":"ListItem","position":1,"name":"Service","item":"https://www.belenushotel.hu/de/service/"},{"@type":"ListItem","position":2,"name":"Programme","item":"https://www.belenushotel.hu/de/service/programme/"},{"@type":"ListItem","position":3,"name":"Gedenkstätte István Fekete und Matula Onkel&#8217;s Hütte"}]},{"@type":"WebSite","@id":"https://www.belenushotel.hu/#website","url":"https://www.belenushotel.hu/","name":"Belenus Thermalhotel *** Superior Zalakaros","description":"Egy „isteni” hely...","publisher":{"@id":"https://www.belenushotel.hu/#organization"},"potentialAction":[{"@type":"SearchAction","target":{"@type":"EntryPoint","urlTemplate":"https://www.belenushotel.hu/?s={search_term_string}"},"query-input":{"@type":"PropertyValueSpecification","valueRequired":true,"valueName":"search_term_string"}}],"inLanguage":"de"},{"@type":"Organization","@id":"https://www.belenushotel.hu/#organization","name":"Belenus Thermalhotel *** Superior Zalakaros","url":"https://www.belenushotel.hu/","logo":{"@type":"ImageObject","inLanguage":"de","@id":"https://www.belenushotel.hu/#/schema/logo/image/","url":"https://www.belenushotel.hu/files/2024/06/belenus_logo_696.webp","contentUrl":"https://www.belenushotel.hu/files/2024/06/belenus_logo_696.webp","width":696,"height":696,"caption":"Belenus Thermalhotel *** Superior Zalakaros"},"image":{"@id":"https://www.belenushotel.hu/#/schema/logo/image/"},"sameAs":["https://www.facebook.com/belenushotel"]}]}</script>
<!-- / Yoast SEO plugin. -->

Gedenkstätte István Fekete und Matula Onkel's Hütte | Belenus Thermalhotel *** Zalakaros

Legjobb árak a saját honlapon - Igazán isteni hely a feltöltő wellness pihenésre. Csodás parkkal és termálvizes medencével
