{"id":1337,"date":"2024-05-28T13:21:47","date_gmt":"2024-05-28T13:21:47","guid":{"rendered":"https:\/\/www.belenushotel.hu\/?page_id=1337"},"modified":"2024-06-07T15:06:39","modified_gmt":"2024-06-07T15:06:39","slug":"zalakaroser-foerster-aussichtsturm","status":"publish","type":"page","link":"https:\/\/www.belenushotel.hu\/de\/service\/programme\/zalakaroser-foerster-aussichtsturm\/","title":{"rendered":"Zalakaroser F\u00f6rster-Aussichtsturm"},"content":{"rendered":"<h2>Eine wundervolle Aussicht &#8211; Schau es dir selbst an!<\/h2>\n<p>F\u00fcr alle, die Wanderungen und Ausfl\u00fcge lieben, ist der Besuch des F\u00f6rster-Aussichtsturms in Zalakaros ein unverzichtbares Erlebnis und eine der beliebtesten Sehensw\u00fcrdigkeiten. An klaren Tagen bietet sich uns ein atemberaubender Anblick: Vom 17,5 Meter hohen Aussichtsdeck aus k\u00f6nnen wir den bewaldeten H\u00fcgel, den Kleinen Balaton und die beeindruckende Panoramaaussicht auf die Balaton-Region bewundern. Der F\u00f6rster-Aussichtsturm wurde 2018 im Zalakaros Parkwald direkt neben dem Schneckenpfad renoviert und wiederer\u00f6ffnet.<\/p>\n<h2>F\u00fcr aktive Erholung musst du nicht weit gehen &#8211; Mach auch du mit!<\/h2>\n<p>Auf dem Gel\u00e4nde stehen zahlreiche Wanderwege zur Verf\u00fcgung, und am Fu\u00df des Turms k\u00f6nnen wir uns auch im Aussichtsweinhaus ausruhen. Gelegentlich werden im Wald spannende Sportveranstaltungen wie Rundstrecken-Mountainbike-Rennen, Wanderungen sowie Familien- und Sporttage organisiert. Dieser charmante Besuchsort bietet unvergessliche Erlebnisse f\u00fcr Erwachsene, Senioren, Kinder und die ganze Familie.<\/p>\n","protected":false},"excerpt":{"rendered":"<p>Eine wundervolle Aussicht &#8211; Schau es dir selbst an! F\u00fcr alle, die Wanderungen und Ausfl\u00fcge lieben, ist der Besuch des F\u00f6rster-Aussichtsturms in Zalakaros ein unverzichtbares Erlebnis und eine der beliebtesten Sehensw\u00fcrdigkeiten. An klaren Tagen bietet sich uns ein atemberaubender Anblick: Vom 17,5 Meter hohen Aussichtsdeck aus k\u00f6nnen wir den bewaldeten H\u00fcgel, den Kleinen Balaton und [&hellip;]<\/p>\n","protected":false},"author":1,"featured_media":0,"parent":1582,"menu_order":171,"comment_status":"closed","ping_status":"closed","template":"","meta":{"footnotes":""},"class_list":["post-1337","page","type-page","status-publish","hentry"],"yoast_head":"<!-- This site is optimized with the Yoast SEO plugin v27.0 - https:\/\/yoast.com\/product\/yoast-seo-wordpress\/ -->\n<title>Zalakaroser F\u00f6rster-Aussichtsturm | Belenus Thermalhotel *** Zalakaros<\/title>\n<meta name=\"description\" content=\"Legjobb \u00e1rak a saj\u00e1t honlapon - Igaz\u00e1n isteni hely a felt\u00f6lt\u0151 wellness pihen\u00e9sre. Csod\u00e1s parkkal \u00e9s term\u00e1lvizes medenc\u00e9vel\" \/>\n<meta name=\"robots\" content=\"index, follow, max-snippet:-1, max-image-preview:large, max-video-preview:-1\" \/>\n<link rel=\"canonical\" href=\"https:\/\/www.belenushotel.hu\/de\/service\/programme\/zalakaroser-foerster-aussichtsturm\/\" \/>\n<meta property=\"og:locale\" content=\"de_DE\" \/>\n<meta property=\"og:type\" content=\"article\" \/>\n<meta property=\"og:title\" content=\"Zalakaroser F\u00f6rster-Aussichtsturm | Belenus Thermalhotel *** Zalakaros\" \/>\n<meta property=\"og:description\" content=\"Legjobb \u00e1rak a saj\u00e1t honlapon - Igaz\u00e1n isteni hely a felt\u00f6lt\u0151 wellness pihen\u00e9sre. Csod\u00e1s parkkal \u00e9s term\u00e1lvizes medenc\u00e9vel\" \/>\n<meta property=\"og:url\" content=\"https:\/\/www.belenushotel.hu\/de\/service\/programme\/zalakaroser-foerster-aussichtsturm\/\" \/>\n<meta property=\"og:site_name\" content=\"Belenus Thermalhotel *** Zalakaros\" \/>\n<meta property=\"article:publisher\" content=\"https:\/\/www.facebook.com\/belenushotel\" \/>\n<meta property=\"article:modified_time\" content=\"2024-06-07T15:06:39+00:00\" \/>\n<meta property=\"og:image\" content=\"https:\/\/www.belenushotel.hu\/files\/2024\/06\/KEP_9076.webp\" \/>\n\t<meta property=\"og:image:width\" content=\"1500\" \/>\n\t<meta property=\"og:image:height\" content=\"1000\" \/>\n\t<meta property=\"og:image:type\" content=\"image\/webp\" \/>\n<meta name=\"twitter:card\" content=\"summary_large_image\" \/>\n<meta name=\"twitter:label1\" content=\"Gesch\u00e4tzte Lesezeit\" \/>\n\t<meta name=\"twitter:data1\" content=\"1\u00a0Minute\" \/>\n<script type=\"application\/ld+json\" class=\"yoast-schema-graph\">{\"@context\":\"https:\/\/schema.org\",\"@graph\":[{\"@type\":\"WebPage\",\"@id\":\"https:\/\/www.belenushotel.hu\/de\/service\/programme\/zalakaroser-foerster-aussichtsturm\/\",\"url\":\"https:\/\/www.belenushotel.hu\/de\/service\/programme\/zalakaroser-foerster-aussichtsturm\/\",\"name\":\"Zalakaroser F\u00f6rster-Aussichtsturm | Belenus Thermalhotel *** Zalakaros\",\"isPartOf\":{\"@id\":\"https:\/\/www.belenushotel.hu\/#website\"},\"datePublished\":\"2024-05-28T13:21:47+00:00\",\"dateModified\":\"2024-06-07T15:06:39+00:00\",\"description\":\"Legjobb \u00e1rak a saj\u00e1t honlapon - Igaz\u00e1n isteni hely a felt\u00f6lt\u0151 wellness pihen\u00e9sre. Csod\u00e1s parkkal \u00e9s term\u00e1lvizes medenc\u00e9vel\",\"breadcrumb\":{\"@id\":\"https:\/\/www.belenushotel.hu\/de\/service\/programme\/zalakaroser-foerster-aussichtsturm\/#breadcrumb\"},\"inLanguage\":\"de\",\"potentialAction\":[{\"@type\":\"ReadAction\",\"target\":[\"https:\/\/www.belenushotel.hu\/de\/service\/programme\/zalakaroser-foerster-aussichtsturm\/\"]}]},{\"@type\":\"BreadcrumbList\",\"@id\":\"https:\/\/www.belenushotel.hu\/de\/service\/programme\/zalakaroser-foerster-aussichtsturm\/#breadcrumb\",\"itemListElement\":[{\"@type\":\"ListItem\",\"position\":1,\"name\":\"Service\",\"item\":\"https:\/\/www.belenushotel.hu\/de\/service\/\"},{\"@type\":\"ListItem\",\"position\":2,\"name\":\"Programme\",\"item\":\"https:\/\/www.belenushotel.hu\/de\/service\/programme\/\"},{\"@type\":\"ListItem\",\"position\":3,\"name\":\"Zalakaroser F\u00f6rster-Aussichtsturm\"}]},{\"@type\":\"WebSite\",\"@id\":\"https:\/\/www.belenushotel.hu\/#website\",\"url\":\"https:\/\/www.belenushotel.hu\/\",\"name\":\"Belenus Thermalhotel *** Superior Zalakaros\",\"description\":\"Egy \u201eisteni\u201d hely...\",\"publisher\":{\"@id\":\"https:\/\/www.belenushotel.hu\/#organization\"},\"potentialAction\":[{\"@type\":\"SearchAction\",\"target\":{\"@type\":\"EntryPoint\",\"urlTemplate\":\"https:\/\/www.belenushotel.hu\/?s={search_term_string}\"},\"query-input\":{\"@type\":\"PropertyValueSpecification\",\"valueRequired\":true,\"valueName\":\"search_term_string\"}}],\"inLanguage\":\"de\"},{\"@type\":\"Organization\",\"@id\":\"https:\/\/www.belenushotel.hu\/#organization\",\"name\":\"Belenus Thermalhotel *** Superior Zalakaros\",\"url\":\"https:\/\/www.belenushotel.hu\/\",\"logo\":{\"@type\":\"ImageObject\",\"inLanguage\":\"de\",\"@id\":\"https:\/\/www.belenushotel.hu\/#\/schema\/logo\/image\/\",\"url\":\"https:\/\/www.belenushotel.hu\/files\/2024\/06\/belenus_logo_696.webp\",\"contentUrl\":\"https:\/\/www.belenushotel.hu\/files\/2024\/06\/belenus_logo_696.webp\",\"width\":696,\"height\":696,\"caption\":\"Belenus Thermalhotel *** Superior Zalakaros\"},\"image\":{\"@id\":\"https:\/\/www.belenushotel.hu\/#\/schema\/logo\/image\/\"},\"sameAs\":[\"https:\/\/www.facebook.com\/belenushotel\"]}]}<\/script>\n<!-- \/ Yoast SEO plugin. -->","yoast_head_json":{"title":"Zalakaroser F\u00f6rster-Aussichtsturm | Belenus Thermalhotel *** Zalakaros","description":"Legjobb \u00e1rak a saj\u00e1t honlapon - Igaz\u00e1n isteni hely a felt\u00f6lt\u0151 wellness pihen\u00e9sre. Csod\u00e1s parkkal \u00e9s term\u00e1lvizes medenc\u00e9vel","robots":{"index":"index","follow":"follow","max-snippet":"max-snippet:-1","max-image-preview":"max-image-preview:large","max-video-preview":"max-video-preview:-1"},"canonical":"https:\/\/www.belenushotel.hu\/de\/service\/programme\/zalakaroser-foerster-aussichtsturm\/","og_locale":"de_DE","og_type":"article","og_title":"Zalakaroser F\u00f6rster-Aussichtsturm | Belenus Thermalhotel *** Zalakaros","og_description":"Legjobb \u00e1rak a saj\u00e1t honlapon - Igaz\u00e1n isteni hely a felt\u00f6lt\u0151 wellness pihen\u00e9sre. Csod\u00e1s parkkal \u00e9s term\u00e1lvizes medenc\u00e9vel","og_url":"https:\/\/www.belenushotel.hu\/de\/service\/programme\/zalakaroser-foerster-aussichtsturm\/","og_site_name":"Belenus Thermalhotel *** Zalakaros","article_publisher":"https:\/\/www.facebook.com\/belenushotel","article_modified_time":"2024-06-07T15:06:39+00:00","og_image":[{"width":1500,"height":1000,"url":"https:\/\/www.belenushotel.hu\/files\/2024\/06\/KEP_9076.webp","type":"image\/webp"}],"twitter_card":"summary_large_image","twitter_misc":{"Gesch\u00e4tzte Lesezeit":"1\u00a0Minute"},"schema":{"@context":"https:\/\/schema.org","@graph":[{"@type":"WebPage","@id":"https:\/\/www.belenushotel.hu\/de\/service\/programme\/zalakaroser-foerster-aussichtsturm\/","url":"https:\/\/www.belenushotel.hu\/de\/service\/programme\/zalakaroser-foerster-aussichtsturm\/","name":"Zalakaroser F\u00f6rster-Aussichtsturm | Belenus Thermalhotel *** Zalakaros","isPartOf":{"@id":"https:\/\/www.belenushotel.hu\/#website"},"datePublished":"2024-05-28T13:21:47+00:00","dateModified":"2024-06-07T15:06:39+00:00","description":"Legjobb \u00e1rak a saj\u00e1t honlapon - Igaz\u00e1n isteni hely a felt\u00f6lt\u0151 wellness pihen\u00e9sre. Csod\u00e1s parkkal \u00e9s term\u00e1lvizes medenc\u00e9vel","breadcrumb":{"@id":"https:\/\/www.belenushotel.hu\/de\/service\/programme\/zalakaroser-foerster-aussichtsturm\/#breadcrumb"},"inLanguage":"de","potentialAction":[{"@type":"ReadAction","target":["https:\/\/www.belenushotel.hu\/de\/service\/programme\/zalakaroser-foerster-aussichtsturm\/"]}]},{"@type":"BreadcrumbList","@id":"https:\/\/www.belenushotel.hu\/de\/service\/programme\/zalakaroser-foerster-aussichtsturm\/#breadcrumb","itemListElement":[{"@type":"ListItem","position":1,"name":"Service","item":"https:\/\/www.belenushotel.hu\/de\/service\/"},{"@type":"ListItem","position":2,"name":"Programme","item":"https:\/\/www.belenushotel.hu\/de\/service\/programme\/"},{"@type":"ListItem","position":3,"name":"Zalakaroser F\u00f6rster-Aussichtsturm"}]},{"@type":"WebSite","@id":"https:\/\/www.belenushotel.hu\/#website","url":"https:\/\/www.belenushotel.hu\/","name":"Belenus Thermalhotel *** Superior Zalakaros","description":"Egy \u201eisteni\u201d hely...","publisher":{"@id":"https:\/\/www.belenushotel.hu\/#organization"},"potentialAction":[{"@type":"SearchAction","target":{"@type":"EntryPoint","urlTemplate":"https:\/\/www.belenushotel.hu\/?s={search_term_string}"},"query-input":{"@type":"PropertyValueSpecification","valueRequired":true,"valueName":"search_term_string"}}],"inLanguage":"de"},{"@type":"Organization","@id":"https:\/\/www.belenushotel.hu\/#organization","name":"Belenus Thermalhotel *** Superior Zalakaros","url":"https:\/\/www.belenushotel.hu\/","logo":{"@type":"ImageObject","inLanguage":"de","@id":"https:\/\/www.belenushotel.hu\/#\/schema\/logo\/image\/","url":"https:\/\/www.belenushotel.hu\/files\/2024\/06\/belenus_logo_696.webp","contentUrl":"https:\/\/www.belenushotel.hu\/files\/2024\/06\/belenus_logo_696.webp","width":696,"height":696,"caption":"Belenus Thermalhotel *** Superior Zalakaros"},"image":{"@id":"https:\/\/www.belenushotel.hu\/#\/schema\/logo\/image\/"},"sameAs":["https:\/\/www.facebook.com\/belenushotel"]}]}},"_links":{"self":[{"href":"https:\/\/www.belenushotel.hu\/de\/wp-json\/wp\/v2\/pages\/1337","targetHints":{"allow":["GET"]}}],"collection":[{"href":"https:\/\/www.belenushotel.hu\/de\/wp-json\/wp\/v2\/pages"}],"about":[{"href":"https:\/\/www.belenushotel.hu\/de\/wp-json\/wp\/v2\/types\/page"}],"author":[{"embeddable":true,"href":"https:\/\/www.belenushotel.hu\/de\/wp-json\/wp\/v2\/users\/1"}],"replies":[{"embeddable":true,"href":"https:\/\/www.belenushotel.hu\/de\/wp-json\/wp\/v2\/comments?post=1337"}],"version-history":[{"count":0,"href":"https:\/\/www.belenushotel.hu\/de\/wp-json\/wp\/v2\/pages\/1337\/revisions"}],"up":[{"embeddable":true,"href":"https:\/\/www.belenushotel.hu\/de\/wp-json\/wp\/v2\/pages\/1582"}],"wp:attachment":[{"href":"https:\/\/www.belenushotel.hu\/de\/wp-json\/wp\/v2\/media?parent=1337"}],"curies":[{"name":"wp","href":"https:\/\/api.w.org\/{rel}","templated":true}]}}

Zalakaroser Förster-Aussichtsturm

<h2>Eine wundervolle Aussicht &#8211; Schau es dir selbst an!</h2>
<p>Für alle, die Wanderungen und Ausflüge lieben, ist der Besuch des Förster-Aussichtsturms in Zalakaros ein unverzichtbares Erlebnis und eine der beliebtesten Sehenswürdigkeiten. An klaren Tagen bietet sich uns ein atemberaubender Anblick: Vom 17,5 Meter hohen Aussichtsdeck aus können wir den bewaldeten Hügel, den Kleinen Balaton und die beeindruckende Panoramaaussicht auf die Balaton-Region bewundern. Der Förster-Aussichtsturm wurde 2018 im Zalakaros Parkwald direkt neben dem Schneckenpfad renoviert und wiedereröffnet.</p>
<h2>Für aktive Erholung musst du nicht weit gehen &#8211; Mach auch du mit!</h2>
<p>Auf dem Gelände stehen zahlreiche Wanderwege zur Verfügung, und am Fuß des Turms können wir uns auch im Aussichtsweinhaus ausruhen. Gelegentlich werden im Wald spannende Sportveranstaltungen wie Rundstrecken-Mountainbike-Rennen, Wanderungen sowie Familien- und Sporttage organisiert. Dieser charmante Besuchsort bietet unvergessliche Erlebnisse für Erwachsene, Senioren, Kinder und die ganze Familie.</p>

<p>Eine wundervolle Aussicht &#8211; Schau es dir selbst an! Für alle, die Wanderungen und Ausflüge lieben, ist der Besuch des Förster-Aussichtsturms in Zalakaros ein unverzichtbares Erlebnis und eine der beliebtesten Sehenswürdigkeiten. An klaren Tagen bietet sich uns ein atemberaubender Anblick: Vom 17,5 Meter hohen Aussichtsdeck aus können wir den bewaldeten Hügel, den Kleinen Balaton und [&hellip;]</p>

<!-- This site is optimized with the Yoast SEO plugin v27.0 - https://yoast.com/product/yoast-seo-wordpress/ -->
<title>Zalakaroser Förster-Aussichtsturm | Belenus Thermalhotel *** Zalakaros</title>
<meta name="description" content="Legjobb árak a saját honlapon - Igazán isteni hely a feltöltő wellness pihenésre. Csodás parkkal és termálvizes medencével" />
<meta name="robots" content="index, follow, max-snippet:-1, max-image-preview:large, max-video-preview:-1" />
<link rel="canonical" href="https://www.belenushotel.hu/de/service/programme/zalakaroser-foerster-aussichtsturm/" />
<meta property="og:locale" content="de_DE" />
<meta property="og:type" content="article" />
<meta property="og:title" content="Zalakaroser Förster-Aussichtsturm | Belenus Thermalhotel *** Zalakaros" />
<meta property="og:description" content="Legjobb árak a saját honlapon - Igazán isteni hely a feltöltő wellness pihenésre. Csodás parkkal és termálvizes medencével" />
<meta property="og:url" content="https://www.belenushotel.hu/de/service/programme/zalakaroser-foerster-aussichtsturm/" />
<meta property="og:site_name" content="Belenus Thermalhotel *** Zalakaros" />
<meta property="article:publisher" content="https://www.facebook.com/belenushotel" />
<meta property="article:modified_time" content="2024-06-07T15:06:39+00:00" />
<meta property="og:image" content="https://www.belenushotel.hu/files/2024/06/KEP_9076.webp" />
	<meta property="og:image:width" content="1500" />
	<meta property="og:image:height" content="1000" />
	<meta property="og:image:type" content="image/webp" />
<meta name="twitter:card" content="summary_large_image" />
<meta name="twitter:label1" content="Geschätzte Lesezeit" />
	<meta name="twitter:data1" content="1 Minute" />
<script type="application/ld+json" class="yoast-schema-graph">{"@context":"https://schema.org","@graph":[{"@type":"WebPage","@id":"https://www.belenushotel.hu/de/service/programme/zalakaroser-foerster-aussichtsturm/","url":"https://www.belenushotel.hu/de/service/programme/zalakaroser-foerster-aussichtsturm/","name":"Zalakaroser Förster-Aussichtsturm | Belenus Thermalhotel *** Zalakaros","isPartOf":{"@id":"https://www.belenushotel.hu/#website"},"datePublished":"2024-05-28T13:21:47+00:00","dateModified":"2024-06-07T15:06:39+00:00","description":"Legjobb árak a saját honlapon - Igazán isteni hely a feltöltő wellness pihenésre. Csodás parkkal és termálvizes medencével","breadcrumb":{"@id":"https://www.belenushotel.hu/de/service/programme/zalakaroser-foerster-aussichtsturm/#breadcrumb"},"inLanguage":"de","potentialAction":[{"@type":"ReadAction","target":["https://www.belenushotel.hu/de/service/programme/zalakaroser-foerster-aussichtsturm/"]}]},{"@type":"BreadcrumbList","@id":"https://www.belenushotel.hu/de/service/programme/zalakaroser-foerster-aussichtsturm/#breadcrumb","itemListElement":[{"@type":"ListItem","position":1,"name":"Service","item":"https://www.belenushotel.hu/de/service/"},{"@type":"ListItem","position":2,"name":"Programme","item":"https://www.belenushotel.hu/de/service/programme/"},{"@type":"ListItem","position":3,"name":"Zalakaroser Förster-Aussichtsturm"}]},{"@type":"WebSite","@id":"https://www.belenushotel.hu/#website","url":"https://www.belenushotel.hu/","name":"Belenus Thermalhotel *** Superior Zalakaros","description":"Egy „isteni” hely...","publisher":{"@id":"https://www.belenushotel.hu/#organization"},"potentialAction":[{"@type":"SearchAction","target":{"@type":"EntryPoint","urlTemplate":"https://www.belenushotel.hu/?s={search_term_string}"},"query-input":{"@type":"PropertyValueSpecification","valueRequired":true,"valueName":"search_term_string"}}],"inLanguage":"de"},{"@type":"Organization","@id":"https://www.belenushotel.hu/#organization","name":"Belenus Thermalhotel *** Superior Zalakaros","url":"https://www.belenushotel.hu/","logo":{"@type":"ImageObject","inLanguage":"de","@id":"https://www.belenushotel.hu/#/schema/logo/image/","url":"https://www.belenushotel.hu/files/2024/06/belenus_logo_696.webp","contentUrl":"https://www.belenushotel.hu/files/2024/06/belenus_logo_696.webp","width":696,"height":696,"caption":"Belenus Thermalhotel *** Superior Zalakaros"},"image":{"@id":"https://www.belenushotel.hu/#/schema/logo/image/"},"sameAs":["https://www.facebook.com/belenushotel"]}]}</script>
<!-- / Yoast SEO plugin. -->

Zalakaroser Förster-Aussichtsturm | Belenus Thermalhotel *** Zalakaros

Legjobb árak a saját honlapon - Igazán isteni hely a feltöltő wellness pihenésre. Csodás parkkal és termálvizes medencével
