{"id":1276,"date":"2024-06-05T08:04:07","date_gmt":"2024-06-05T06:04:07","guid":{"rendered":"https:\/\/www.belenushotel.hu\/?page_id=1276"},"modified":"2026-03-16T12:44:28","modified_gmt":"2026-03-16T10:44:28","slug":"elektroauto-ladestation","status":"publish","type":"page","link":"https:\/\/www.belenushotel.hu\/de\/elektroauto-ladestation\/","title":{"rendered":"Elektroauto-Ladestation"},"content":{"rendered":"<div class=\"row section justify-content-end\">\n\t<div class=\"col-md-1 d-none d-md-block icon\"><img decoding=\"async\" src=\"https:\/\/www.belenushotel.hu\/wp-content\/themes\/belenus\/images\/charger.svg\"><\/div>\n\t<div class=\"col-md-11 align-self-end description\">\n\t\t<h3><\/h3>\n\t\t<\/p>\n<p>Umweltbewusstsein ist f\u00fcr uns von gr\u00f6\u00dfter Bedeutung, daher haben wir auf dem Parkplatz unseres Hotels eine Ladestation f\u00fcr Elektroautos eingerichtet. F\u00fcr G\u00e4ste, die mit einem Elektrofahrzeug anreisen, bieten wir bei einem Aufenthalt von mindestens zwei N\u00e4chten und bei Nutzung des hoteleigenen Parkplatzes einmalig eine kostenlose Ladung zwischen 7:00 und 19:00 Uhr <strong>(f\u00fcr eine maximale Dauer von 4 Stunden, jedoch sp\u00e4testens bis zum Sonnenuntergang)<\/strong> an, nach vorheriger Absprache und je <strong>nach verf\u00fcgbarer Kapazit\u00e4t<\/strong> an der Hotelrezeption.<\/p>\n<p>\n\t<\/div>\n<\/div>\n","protected":false},"excerpt":{"rendered":"","protected":false},"author":1,"featured_media":0,"parent":0,"menu_order":39,"comment_status":"closed","ping_status":"closed","template":"","meta":{"footnotes":""},"class_list":["post-1276","page","type-page","status-publish","hentry"],"yoast_head":"<!-- This site is optimized with the Yoast SEO plugin v27.0 - https:\/\/yoast.com\/product\/yoast-seo-wordpress\/ -->\n<title>Elektroauto-Ladestation | Belenus Thermalhotel *** Zalakaros<\/title>\n<meta name=\"description\" content=\"Legjobb \u00e1rak a saj\u00e1t honlapon - Igaz\u00e1n isteni hely a felt\u00f6lt\u0151 wellness pihen\u00e9sre. Csod\u00e1s parkkal \u00e9s term\u00e1lvizes medenc\u00e9vel\" \/>\n<meta name=\"robots\" content=\"index, follow, max-snippet:-1, max-image-preview:large, max-video-preview:-1\" \/>\n<link rel=\"canonical\" href=\"https:\/\/www.belenushotel.hu\/de\/elektroauto-ladestation\/\" \/>\n<meta property=\"og:locale\" content=\"de_DE\" \/>\n<meta property=\"og:type\" content=\"article\" \/>\n<meta property=\"og:title\" content=\"Elektroauto-Ladestation | Belenus Thermalhotel *** Zalakaros\" \/>\n<meta property=\"og:description\" content=\"Legjobb \u00e1rak a saj\u00e1t honlapon - Igaz\u00e1n isteni hely a felt\u00f6lt\u0151 wellness pihen\u00e9sre. Csod\u00e1s parkkal \u00e9s term\u00e1lvizes medenc\u00e9vel\" \/>\n<meta property=\"og:url\" content=\"https:\/\/www.belenushotel.hu\/de\/elektroauto-ladestation\/\" \/>\n<meta property=\"og:site_name\" content=\"Belenus Thermalhotel *** Zalakaros\" \/>\n<meta property=\"article:publisher\" content=\"https:\/\/www.facebook.com\/belenushotel\" \/>\n<meta property=\"article:modified_time\" content=\"2026-03-16T10:44:28+00:00\" \/>\n<meta property=\"og:image\" content=\"https:\/\/www.belenushotel.hu\/files\/2024\/06\/KEP_9076.webp\" \/>\n\t<meta property=\"og:image:width\" content=\"1500\" \/>\n\t<meta property=\"og:image:height\" content=\"1000\" \/>\n\t<meta property=\"og:image:type\" content=\"image\/webp\" \/>\n<meta name=\"twitter:card\" content=\"summary_large_image\" \/>\n<meta name=\"twitter:label1\" content=\"Gesch\u00e4tzte Lesezeit\" \/>\n\t<meta name=\"twitter:data1\" content=\"1\u00a0Minute\" \/>\n<script type=\"application\/ld+json\" class=\"yoast-schema-graph\">{\"@context\":\"https:\/\/schema.org\",\"@graph\":[{\"@type\":\"WebPage\",\"@id\":\"https:\/\/www.belenushotel.hu\/de\/elektroauto-ladestation\/\",\"url\":\"https:\/\/www.belenushotel.hu\/de\/elektroauto-ladestation\/\",\"name\":\"Elektroauto-Ladestation | Belenus Thermalhotel *** Zalakaros\",\"isPartOf\":{\"@id\":\"https:\/\/www.belenushotel.hu\/#website\"},\"datePublished\":\"2024-06-05T06:04:07+00:00\",\"dateModified\":\"2026-03-16T10:44:28+00:00\",\"description\":\"Legjobb \u00e1rak a saj\u00e1t honlapon - Igaz\u00e1n isteni hely a felt\u00f6lt\u0151 wellness pihen\u00e9sre. Csod\u00e1s parkkal \u00e9s term\u00e1lvizes medenc\u00e9vel\",\"inLanguage\":\"de\",\"potentialAction\":[{\"@type\":\"ReadAction\",\"target\":[\"https:\/\/www.belenushotel.hu\/de\/elektroauto-ladestation\/\"]}]},{\"@type\":\"WebSite\",\"@id\":\"https:\/\/www.belenushotel.hu\/#website\",\"url\":\"https:\/\/www.belenushotel.hu\/\",\"name\":\"Belenus Thermalhotel *** Superior Zalakaros\",\"description\":\"Egy \u201eisteni\u201d hely...\",\"publisher\":{\"@id\":\"https:\/\/www.belenushotel.hu\/#organization\"},\"potentialAction\":[{\"@type\":\"SearchAction\",\"target\":{\"@type\":\"EntryPoint\",\"urlTemplate\":\"https:\/\/www.belenushotel.hu\/?s={search_term_string}\"},\"query-input\":{\"@type\":\"PropertyValueSpecification\",\"valueRequired\":true,\"valueName\":\"search_term_string\"}}],\"inLanguage\":\"de\"},{\"@type\":\"Organization\",\"@id\":\"https:\/\/www.belenushotel.hu\/#organization\",\"name\":\"Belenus Thermalhotel *** Superior Zalakaros\",\"url\":\"https:\/\/www.belenushotel.hu\/\",\"logo\":{\"@type\":\"ImageObject\",\"inLanguage\":\"de\",\"@id\":\"https:\/\/www.belenushotel.hu\/#\/schema\/logo\/image\/\",\"url\":\"https:\/\/www.belenushotel.hu\/files\/2024\/06\/belenus_logo_696.webp\",\"contentUrl\":\"https:\/\/www.belenushotel.hu\/files\/2024\/06\/belenus_logo_696.webp\",\"width\":696,\"height\":696,\"caption\":\"Belenus Thermalhotel *** Superior Zalakaros\"},\"image\":{\"@id\":\"https:\/\/www.belenushotel.hu\/#\/schema\/logo\/image\/\"},\"sameAs\":[\"https:\/\/www.facebook.com\/belenushotel\"]}]}<\/script>\n<!-- \/ Yoast SEO plugin. -->","yoast_head_json":{"title":"Elektroauto-Ladestation | Belenus Thermalhotel *** Zalakaros","description":"Legjobb \u00e1rak a saj\u00e1t honlapon - Igaz\u00e1n isteni hely a felt\u00f6lt\u0151 wellness pihen\u00e9sre. Csod\u00e1s parkkal \u00e9s term\u00e1lvizes medenc\u00e9vel","robots":{"index":"index","follow":"follow","max-snippet":"max-snippet:-1","max-image-preview":"max-image-preview:large","max-video-preview":"max-video-preview:-1"},"canonical":"https:\/\/www.belenushotel.hu\/de\/elektroauto-ladestation\/","og_locale":"de_DE","og_type":"article","og_title":"Elektroauto-Ladestation | Belenus Thermalhotel *** Zalakaros","og_description":"Legjobb \u00e1rak a saj\u00e1t honlapon - Igaz\u00e1n isteni hely a felt\u00f6lt\u0151 wellness pihen\u00e9sre. Csod\u00e1s parkkal \u00e9s term\u00e1lvizes medenc\u00e9vel","og_url":"https:\/\/www.belenushotel.hu\/de\/elektroauto-ladestation\/","og_site_name":"Belenus Thermalhotel *** Zalakaros","article_publisher":"https:\/\/www.facebook.com\/belenushotel","article_modified_time":"2026-03-16T10:44:28+00:00","og_image":[{"width":1500,"height":1000,"url":"https:\/\/www.belenushotel.hu\/files\/2024\/06\/KEP_9076.webp","type":"image\/webp"}],"twitter_card":"summary_large_image","twitter_misc":{"Gesch\u00e4tzte Lesezeit":"1\u00a0Minute"},"schema":{"@context":"https:\/\/schema.org","@graph":[{"@type":"WebPage","@id":"https:\/\/www.belenushotel.hu\/de\/elektroauto-ladestation\/","url":"https:\/\/www.belenushotel.hu\/de\/elektroauto-ladestation\/","name":"Elektroauto-Ladestation | Belenus Thermalhotel *** Zalakaros","isPartOf":{"@id":"https:\/\/www.belenushotel.hu\/#website"},"datePublished":"2024-06-05T06:04:07+00:00","dateModified":"2026-03-16T10:44:28+00:00","description":"Legjobb \u00e1rak a saj\u00e1t honlapon - Igaz\u00e1n isteni hely a felt\u00f6lt\u0151 wellness pihen\u00e9sre. Csod\u00e1s parkkal \u00e9s term\u00e1lvizes medenc\u00e9vel","inLanguage":"de","potentialAction":[{"@type":"ReadAction","target":["https:\/\/www.belenushotel.hu\/de\/elektroauto-ladestation\/"]}]},{"@type":"WebSite","@id":"https:\/\/www.belenushotel.hu\/#website","url":"https:\/\/www.belenushotel.hu\/","name":"Belenus Thermalhotel *** Superior Zalakaros","description":"Egy \u201eisteni\u201d hely...","publisher":{"@id":"https:\/\/www.belenushotel.hu\/#organization"},"potentialAction":[{"@type":"SearchAction","target":{"@type":"EntryPoint","urlTemplate":"https:\/\/www.belenushotel.hu\/?s={search_term_string}"},"query-input":{"@type":"PropertyValueSpecification","valueRequired":true,"valueName":"search_term_string"}}],"inLanguage":"de"},{"@type":"Organization","@id":"https:\/\/www.belenushotel.hu\/#organization","name":"Belenus Thermalhotel *** Superior Zalakaros","url":"https:\/\/www.belenushotel.hu\/","logo":{"@type":"ImageObject","inLanguage":"de","@id":"https:\/\/www.belenushotel.hu\/#\/schema\/logo\/image\/","url":"https:\/\/www.belenushotel.hu\/files\/2024\/06\/belenus_logo_696.webp","contentUrl":"https:\/\/www.belenushotel.hu\/files\/2024\/06\/belenus_logo_696.webp","width":696,"height":696,"caption":"Belenus Thermalhotel *** Superior Zalakaros"},"image":{"@id":"https:\/\/www.belenushotel.hu\/#\/schema\/logo\/image\/"},"sameAs":["https:\/\/www.facebook.com\/belenushotel"]}]}},"_links":{"self":[{"href":"https:\/\/www.belenushotel.hu\/de\/wp-json\/wp\/v2\/pages\/1276","targetHints":{"allow":["GET"]}}],"collection":[{"href":"https:\/\/www.belenushotel.hu\/de\/wp-json\/wp\/v2\/pages"}],"about":[{"href":"https:\/\/www.belenushotel.hu\/de\/wp-json\/wp\/v2\/types\/page"}],"author":[{"embeddable":true,"href":"https:\/\/www.belenushotel.hu\/de\/wp-json\/wp\/v2\/users\/1"}],"replies":[{"embeddable":true,"href":"https:\/\/www.belenushotel.hu\/de\/wp-json\/wp\/v2\/comments?post=1276"}],"version-history":[{"count":0,"href":"https:\/\/www.belenushotel.hu\/de\/wp-json\/wp\/v2\/pages\/1276\/revisions"}],"wp:attachment":[{"href":"https:\/\/www.belenushotel.hu\/de\/wp-json\/wp\/v2\/media?parent=1276"}],"curies":[{"name":"wp","href":"https:\/\/api.w.org\/{rel}","templated":true}]}}

<div class="row section justify-content-end">
	<div class="col-md-1 d-none d-md-block icon"><img decoding="async" src="https://www.belenushotel.hu/wp-content/themes/belenus/images/charger.svg"></div>
	<div class="col-md-11 align-self-end description">
		<h3></h3>
		</p>
<p>Umweltbewusstsein ist für uns von größter Bedeutung, daher haben wir auf dem Parkplatz unseres Hotels eine Ladestation für Elektroautos eingerichtet. Für Gäste, die mit einem Elektrofahrzeug anreisen, bieten wir bei einem Aufenthalt von mindestens zwei Nächten und bei Nutzung des hoteleigenen Parkplatzes einmalig eine kostenlose Ladung zwischen 7:00 und 19:00 Uhr <strong>(für eine maximale Dauer von 4 Stunden, jedoch spätestens bis zum Sonnenuntergang)</strong> an, nach vorheriger Absprache und je <strong>nach verfügbarer Kapazität</strong> an der Hotelrezeption.</p>
<p>
	</div>
</div>

<!-- This site is optimized with the Yoast SEO plugin v27.0 - https://yoast.com/product/yoast-seo-wordpress/ -->
<title>Elektroauto-Ladestation | Belenus Thermalhotel *** Zalakaros</title>
<meta name="description" content="Legjobb árak a saját honlapon - Igazán isteni hely a feltöltő wellness pihenésre. Csodás parkkal és termálvizes medencével" />
<meta name="robots" content="index, follow, max-snippet:-1, max-image-preview:large, max-video-preview:-1" />
<link rel="canonical" href="https://www.belenushotel.hu/de/elektroauto-ladestation/" />
<meta property="og:locale" content="de_DE" />
<meta property="og:type" content="article" />
<meta property="og:title" content="Elektroauto-Ladestation | Belenus Thermalhotel *** Zalakaros" />
<meta property="og:description" content="Legjobb árak a saját honlapon - Igazán isteni hely a feltöltő wellness pihenésre. Csodás parkkal és termálvizes medencével" />
<meta property="og:url" content="https://www.belenushotel.hu/de/elektroauto-ladestation/" />
<meta property="og:site_name" content="Belenus Thermalhotel *** Zalakaros" />
<meta property="article:publisher" content="https://www.facebook.com/belenushotel" />
<meta property="article:modified_time" content="2026-03-16T10:44:28+00:00" />
<meta property="og:image" content="https://www.belenushotel.hu/files/2024/06/KEP_9076.webp" />
	<meta property="og:image:width" content="1500" />
	<meta property="og:image:height" content="1000" />
	<meta property="og:image:type" content="image/webp" />
<meta name="twitter:card" content="summary_large_image" />
<meta name="twitter:label1" content="Geschätzte Lesezeit" />
	<meta name="twitter:data1" content="1 Minute" />
<script type="application/ld+json" class="yoast-schema-graph">{"@context":"https://schema.org","@graph":[{"@type":"WebPage","@id":"https://www.belenushotel.hu/de/elektroauto-ladestation/","url":"https://www.belenushotel.hu/de/elektroauto-ladestation/","name":"Elektroauto-Ladestation | Belenus Thermalhotel *** Zalakaros","isPartOf":{"@id":"https://www.belenushotel.hu/#website"},"datePublished":"2024-06-05T06:04:07+00:00","dateModified":"2026-03-16T10:44:28+00:00","description":"Legjobb árak a saját honlapon - Igazán isteni hely a feltöltő wellness pihenésre. Csodás parkkal és termálvizes medencével","inLanguage":"de","potentialAction":[{"@type":"ReadAction","target":["https://www.belenushotel.hu/de/elektroauto-ladestation/"]}]},{"@type":"WebSite","@id":"https://www.belenushotel.hu/#website","url":"https://www.belenushotel.hu/","name":"Belenus Thermalhotel *** Superior Zalakaros","description":"Egy „isteni” hely...","publisher":{"@id":"https://www.belenushotel.hu/#organization"},"potentialAction":[{"@type":"SearchAction","target":{"@type":"EntryPoint","urlTemplate":"https://www.belenushotel.hu/?s={search_term_string}"},"query-input":{"@type":"PropertyValueSpecification","valueRequired":true,"valueName":"search_term_string"}}],"inLanguage":"de"},{"@type":"Organization","@id":"https://www.belenushotel.hu/#organization","name":"Belenus Thermalhotel *** Superior Zalakaros","url":"https://www.belenushotel.hu/","logo":{"@type":"ImageObject","inLanguage":"de","@id":"https://www.belenushotel.hu/#/schema/logo/image/","url":"https://www.belenushotel.hu/files/2024/06/belenus_logo_696.webp","contentUrl":"https://www.belenushotel.hu/files/2024/06/belenus_logo_696.webp","width":696,"height":696,"caption":"Belenus Thermalhotel *** Superior Zalakaros"},"image":{"@id":"https://www.belenushotel.hu/#/schema/logo/image/"},"sameAs":["https://www.facebook.com/belenushotel"]}]}</script>
<!-- / Yoast SEO plugin. -->

Legjobb árak a saját honlapon - Igazán isteni hely a feltöltő wellness pihenésre. Csodás parkkal és termálvizes medencével
