{"id":1246,"date":"2024-05-21T14:15:49","date_gmt":"2024-05-21T14:15:49","guid":{"rendered":"https:\/\/www.belenushotel.hu\/?page_id=1246"},"modified":"2024-06-07T11:57:45","modified_gmt":"2024-06-07T11:57:45","slug":"gemeinsam-als-familie","status":"publish","type":"page","link":"https:\/\/www.belenushotel.hu\/de\/service\/gemeinsam-als-familie\/","title":{"rendered":"Gemeinsam als Familie"},"content":{"rendered":"<div class=\"row section justify-content-end\">\n\t\n\t<div class=\"col-md-11 align-self-end description\">\n\t\t<h3><\/h3>\n\t\t<\/p>\n<p>Unser Hotel bietet folgende Dienstleistungen f\u00fcr G\u00e4ste mit Kindern:<\/p>\n<ul>\n<li><strong>Spielzimmer:<\/strong> Unterhaltung f\u00fcr Gro\u00df und Klein<br \/>\n(Tischfu\u00dfball, Billard und andere unterhaltsame Spiele gegen Geb\u00fchr)<\/li>\n<li><strong>Bibliothek<\/strong> (B\u00fccher, Gesellschaftsspiele, Karten)<\/li>\n<li><strong>Innen-Spielecke f\u00fcr Kinder:<\/strong> Gem\u00fctlicher und sicherer Raum mit Indoor-Spielen<\/li>\n<li><strong>Au\u00dfenspielplatz:<\/strong> Modern ausgestatteter Spielplatz mit Sicherheitseinrichtungen<\/li>\n<li><strong>Fahrradverleih:<\/strong> Bewegung in der Natur<\/li>\n<li><strong>E-Roller:<\/strong> Schnelle und umweltfreundliche Fortbewegung<\/li>\n<li><strong>Golfwagen:<\/strong> Ideal f\u00fcr k\u00fcrzere Strecken und Sightseeing<\/li>\n<li><strong>Tennisplatz:<\/strong> Genie\u00dfen Sie das Spiel mit der Familie auf unserem Sandplatz<\/li>\n<li>Bereitstellung von Hilfsmitteln zur Unterbringung und Versorgung von Kleinkindern<br \/>\n(Kinderbett, Badewanne, WC-Sitzverkleinerer, Hochstuhl, Nasensauger)<\/li>\n<\/ul>\n<p>\n\t<\/div>\n<\/div>\n<div class=\"row section justify-content-end\"><div class=\"col-md-1 d-none d-md-block icon\"><img decoding=\"async\" src=\"https:\/\/www.belenushotel.hu\/wp-content\/themes\/belenus\/images\/gallery.svg\"><h4>7<\/h4> <span>Bilder<\/span><\/div><div class=\"col-md-11 align-self-end description\"><div class=\"gallery-imgs gal-540534 row\">\n\t\t\t<div class=\"gallery-item col-sm-10 pref-img\">\n\t\t\t\t\t\t<a href=\"https:\/\/www.belenushotel.hu\/files\/2024\/05\/egyutt_a_csalad_03.webp\">\n\t\t\t\t\t\t\t<img decoding=\"async\" src=\"https:\/\/www.belenushotel.hu\/files\/2024\/05\/egyutt_a_csalad_03.webp\" alt=\"\" class=\"img-fluid\">\n\t\t\t\t\t\t\t\n\t\t\t\t\t\t\t<span class=\"g-text\">Um auf die anderen Elemente der Galerie zuzugreifen, klicken Sie auf das Bild!<\/span>\n\t\t\t\t\t\t<\/a>\n\t\t\t\t\t  \n    \t\t<\/div><a href=\"https:\/\/www.belenushotel.hu\/files\/2024\/05\/egyutt_a_csalad_01.webp\" class=\"d-none\">.<\/a><a href=\"https:\/\/www.belenushotel.hu\/files\/2024\/05\/egyutt_a_csalad_02.webp\" class=\"d-none\">.<\/a><a href=\"https:\/\/www.belenushotel.hu\/files\/2024\/06\/KEP_9171.webp\" class=\"d-none\">.<\/a><a href=\"https:\/\/www.belenushotel.hu\/files\/2024\/06\/belenushotel-12.webp\" class=\"d-none\">.<\/a><a href=\"https:\/\/www.belenushotel.hu\/files\/2024\/06\/100_0879_20190615205959.webp\" class=\"d-none\">.<\/a><a href=\"https:\/\/www.belenushotel.hu\/files\/2024\/06\/KEP_9226.webp\" class=\"d-none\">.<\/a><\/div><\/div><\/div>\n","protected":false},"excerpt":{"rendered":"","protected":false},"author":1,"featured_media":0,"parent":1578,"menu_order":63,"comment_status":"closed","ping_status":"closed","template":"","meta":{"footnotes":""},"class_list":["post-1246","page","type-page","status-publish","hentry"],"yoast_head":"<!-- This site is optimized with the Yoast SEO plugin v27.0 - https:\/\/yoast.com\/product\/yoast-seo-wordpress\/ -->\n<title>Gemeinsam als Familie | Belenus Thermalhotel *** Zalakaros<\/title>\n<meta name=\"description\" content=\"Legjobb \u00e1rak a saj\u00e1t honlapon - Igaz\u00e1n isteni hely a felt\u00f6lt\u0151 wellness pihen\u00e9sre. Csod\u00e1s parkkal \u00e9s term\u00e1lvizes medenc\u00e9vel\" \/>\n<meta name=\"robots\" content=\"index, follow, max-snippet:-1, max-image-preview:large, max-video-preview:-1\" \/>\n<link rel=\"canonical\" href=\"https:\/\/www.belenushotel.hu\/de\/service\/gemeinsam-als-familie\/\" \/>\n<meta property=\"og:locale\" content=\"de_DE\" \/>\n<meta property=\"og:type\" content=\"article\" \/>\n<meta property=\"og:title\" content=\"Gemeinsam als Familie | Belenus Thermalhotel *** Zalakaros\" \/>\n<meta property=\"og:description\" content=\"Legjobb \u00e1rak a saj\u00e1t honlapon - Igaz\u00e1n isteni hely a felt\u00f6lt\u0151 wellness pihen\u00e9sre. Csod\u00e1s parkkal \u00e9s term\u00e1lvizes medenc\u00e9vel\" \/>\n<meta property=\"og:url\" content=\"https:\/\/www.belenushotel.hu\/de\/service\/gemeinsam-als-familie\/\" \/>\n<meta property=\"og:site_name\" content=\"Belenus Thermalhotel *** Zalakaros\" \/>\n<meta property=\"article:publisher\" content=\"https:\/\/www.facebook.com\/belenushotel\" \/>\n<meta property=\"article:modified_time\" content=\"2024-06-07T11:57:45+00:00\" \/>\n<meta property=\"og:image\" content=\"https:\/\/www.belenushotel.hu\/wp-content\/themes\/belenus\/images\/gallery.svg\" \/>\n<meta name=\"twitter:card\" content=\"summary_large_image\" \/>\n<meta name=\"twitter:label1\" content=\"Gesch\u00e4tzte Lesezeit\" \/>\n\t<meta name=\"twitter:data1\" content=\"1\u00a0Minute\" \/>\n<script type=\"application\/ld+json\" class=\"yoast-schema-graph\">{\"@context\":\"https:\/\/schema.org\",\"@graph\":[{\"@type\":\"WebPage\",\"@id\":\"https:\/\/www.belenushotel.hu\/de\/service\/gemeinsam-als-familie\/\",\"url\":\"https:\/\/www.belenushotel.hu\/de\/service\/gemeinsam-als-familie\/\",\"name\":\"Gemeinsam als Familie | Belenus Thermalhotel *** Zalakaros\",\"isPartOf\":{\"@id\":\"https:\/\/www.belenushotel.hu\/#website\"},\"datePublished\":\"2024-05-21T14:15:49+00:00\",\"dateModified\":\"2024-06-07T11:57:45+00:00\",\"description\":\"Legjobb \u00e1rak a saj\u00e1t honlapon - Igaz\u00e1n isteni hely a felt\u00f6lt\u0151 wellness pihen\u00e9sre. Csod\u00e1s parkkal \u00e9s term\u00e1lvizes medenc\u00e9vel\",\"breadcrumb\":{\"@id\":\"https:\/\/www.belenushotel.hu\/de\/service\/gemeinsam-als-familie\/#breadcrumb\"},\"inLanguage\":\"de\",\"potentialAction\":[{\"@type\":\"ReadAction\",\"target\":[\"https:\/\/www.belenushotel.hu\/de\/service\/gemeinsam-als-familie\/\"]}]},{\"@type\":\"BreadcrumbList\",\"@id\":\"https:\/\/www.belenushotel.hu\/de\/service\/gemeinsam-als-familie\/#breadcrumb\",\"itemListElement\":[{\"@type\":\"ListItem\",\"position\":1,\"name\":\"Service\",\"item\":\"https:\/\/www.belenushotel.hu\/de\/service\/\"},{\"@type\":\"ListItem\",\"position\":2,\"name\":\"Gemeinsam als Familie\"}]},{\"@type\":\"WebSite\",\"@id\":\"https:\/\/www.belenushotel.hu\/#website\",\"url\":\"https:\/\/www.belenushotel.hu\/\",\"name\":\"Belenus Thermalhotel *** Superior Zalakaros\",\"description\":\"Egy \u201eisteni\u201d hely...\",\"publisher\":{\"@id\":\"https:\/\/www.belenushotel.hu\/#organization\"},\"potentialAction\":[{\"@type\":\"SearchAction\",\"target\":{\"@type\":\"EntryPoint\",\"urlTemplate\":\"https:\/\/www.belenushotel.hu\/?s={search_term_string}\"},\"query-input\":{\"@type\":\"PropertyValueSpecification\",\"valueRequired\":true,\"valueName\":\"search_term_string\"}}],\"inLanguage\":\"de\"},{\"@type\":\"Organization\",\"@id\":\"https:\/\/www.belenushotel.hu\/#organization\",\"name\":\"Belenus Thermalhotel *** Superior Zalakaros\",\"url\":\"https:\/\/www.belenushotel.hu\/\",\"logo\":{\"@type\":\"ImageObject\",\"inLanguage\":\"de\",\"@id\":\"https:\/\/www.belenushotel.hu\/#\/schema\/logo\/image\/\",\"url\":\"https:\/\/www.belenushotel.hu\/files\/2024\/06\/belenus_logo_696.webp\",\"contentUrl\":\"https:\/\/www.belenushotel.hu\/files\/2024\/06\/belenus_logo_696.webp\",\"width\":696,\"height\":696,\"caption\":\"Belenus Thermalhotel *** Superior Zalakaros\"},\"image\":{\"@id\":\"https:\/\/www.belenushotel.hu\/#\/schema\/logo\/image\/\"},\"sameAs\":[\"https:\/\/www.facebook.com\/belenushotel\"]}]}<\/script>\n<!-- \/ Yoast SEO plugin. -->","yoast_head_json":{"title":"Gemeinsam als Familie | Belenus Thermalhotel *** Zalakaros","description":"Legjobb \u00e1rak a saj\u00e1t honlapon - Igaz\u00e1n isteni hely a felt\u00f6lt\u0151 wellness pihen\u00e9sre. Csod\u00e1s parkkal \u00e9s term\u00e1lvizes medenc\u00e9vel","robots":{"index":"index","follow":"follow","max-snippet":"max-snippet:-1","max-image-preview":"max-image-preview:large","max-video-preview":"max-video-preview:-1"},"canonical":"https:\/\/www.belenushotel.hu\/de\/service\/gemeinsam-als-familie\/","og_locale":"de_DE","og_type":"article","og_title":"Gemeinsam als Familie | Belenus Thermalhotel *** Zalakaros","og_description":"Legjobb \u00e1rak a saj\u00e1t honlapon - Igaz\u00e1n isteni hely a felt\u00f6lt\u0151 wellness pihen\u00e9sre. Csod\u00e1s parkkal \u00e9s term\u00e1lvizes medenc\u00e9vel","og_url":"https:\/\/www.belenushotel.hu\/de\/service\/gemeinsam-als-familie\/","og_site_name":"Belenus Thermalhotel *** Zalakaros","article_publisher":"https:\/\/www.facebook.com\/belenushotel","article_modified_time":"2024-06-07T11:57:45+00:00","og_image":[{"url":"https:\/\/www.belenushotel.hu\/wp-content\/themes\/belenus\/images\/gallery.svg","type":"","width":"","height":""}],"twitter_card":"summary_large_image","twitter_misc":{"Gesch\u00e4tzte Lesezeit":"1\u00a0Minute"},"schema":{"@context":"https:\/\/schema.org","@graph":[{"@type":"WebPage","@id":"https:\/\/www.belenushotel.hu\/de\/service\/gemeinsam-als-familie\/","url":"https:\/\/www.belenushotel.hu\/de\/service\/gemeinsam-als-familie\/","name":"Gemeinsam als Familie | Belenus Thermalhotel *** Zalakaros","isPartOf":{"@id":"https:\/\/www.belenushotel.hu\/#website"},"datePublished":"2024-05-21T14:15:49+00:00","dateModified":"2024-06-07T11:57:45+00:00","description":"Legjobb \u00e1rak a saj\u00e1t honlapon - Igaz\u00e1n isteni hely a felt\u00f6lt\u0151 wellness pihen\u00e9sre. Csod\u00e1s parkkal \u00e9s term\u00e1lvizes medenc\u00e9vel","breadcrumb":{"@id":"https:\/\/www.belenushotel.hu\/de\/service\/gemeinsam-als-familie\/#breadcrumb"},"inLanguage":"de","potentialAction":[{"@type":"ReadAction","target":["https:\/\/www.belenushotel.hu\/de\/service\/gemeinsam-als-familie\/"]}]},{"@type":"BreadcrumbList","@id":"https:\/\/www.belenushotel.hu\/de\/service\/gemeinsam-als-familie\/#breadcrumb","itemListElement":[{"@type":"ListItem","position":1,"name":"Service","item":"https:\/\/www.belenushotel.hu\/de\/service\/"},{"@type":"ListItem","position":2,"name":"Gemeinsam als Familie"}]},{"@type":"WebSite","@id":"https:\/\/www.belenushotel.hu\/#website","url":"https:\/\/www.belenushotel.hu\/","name":"Belenus Thermalhotel *** Superior Zalakaros","description":"Egy \u201eisteni\u201d hely...","publisher":{"@id":"https:\/\/www.belenushotel.hu\/#organization"},"potentialAction":[{"@type":"SearchAction","target":{"@type":"EntryPoint","urlTemplate":"https:\/\/www.belenushotel.hu\/?s={search_term_string}"},"query-input":{"@type":"PropertyValueSpecification","valueRequired":true,"valueName":"search_term_string"}}],"inLanguage":"de"},{"@type":"Organization","@id":"https:\/\/www.belenushotel.hu\/#organization","name":"Belenus Thermalhotel *** Superior Zalakaros","url":"https:\/\/www.belenushotel.hu\/","logo":{"@type":"ImageObject","inLanguage":"de","@id":"https:\/\/www.belenushotel.hu\/#\/schema\/logo\/image\/","url":"https:\/\/www.belenushotel.hu\/files\/2024\/06\/belenus_logo_696.webp","contentUrl":"https:\/\/www.belenushotel.hu\/files\/2024\/06\/belenus_logo_696.webp","width":696,"height":696,"caption":"Belenus Thermalhotel *** Superior Zalakaros"},"image":{"@id":"https:\/\/www.belenushotel.hu\/#\/schema\/logo\/image\/"},"sameAs":["https:\/\/www.facebook.com\/belenushotel"]}]}},"_links":{"self":[{"href":"https:\/\/www.belenushotel.hu\/de\/wp-json\/wp\/v2\/pages\/1246","targetHints":{"allow":["GET"]}}],"collection":[{"href":"https:\/\/www.belenushotel.hu\/de\/wp-json\/wp\/v2\/pages"}],"about":[{"href":"https:\/\/www.belenushotel.hu\/de\/wp-json\/wp\/v2\/types\/page"}],"author":[{"embeddable":true,"href":"https:\/\/www.belenushotel.hu\/de\/wp-json\/wp\/v2\/users\/1"}],"replies":[{"embeddable":true,"href":"https:\/\/www.belenushotel.hu\/de\/wp-json\/wp\/v2\/comments?post=1246"}],"version-history":[{"count":0,"href":"https:\/\/www.belenushotel.hu\/de\/wp-json\/wp\/v2\/pages\/1246\/revisions"}],"up":[{"embeddable":true,"href":"https:\/\/www.belenushotel.hu\/de\/wp-json\/wp\/v2\/pages\/1578"}],"wp:attachment":[{"href":"https:\/\/www.belenushotel.hu\/de\/wp-json\/wp\/v2\/media?parent=1246"}],"curies":[{"name":"wp","href":"https:\/\/api.w.org\/{rel}","templated":true}]}}

<div class="row section justify-content-end">
	
	<div class="col-md-11 align-self-end description">
		<h3></h3>
		</p>
<p>Unser Hotel bietet folgende Dienstleistungen für Gäste mit Kindern:</p>
<ul>
<li><strong>Spielzimmer:</strong> Unterhaltung für Groß und Klein<br />
(Tischfußball, Billard und andere unterhaltsame Spiele gegen Gebühr)</li>
<li><strong>Bibliothek</strong> (Bücher, Gesellschaftsspiele, Karten)</li>
<li><strong>Innen-Spielecke für Kinder:</strong> Gemütlicher und sicherer Raum mit Indoor-Spielen</li>
<li><strong>Außenspielplatz:</strong> Modern ausgestatteter Spielplatz mit Sicherheitseinrichtungen</li>
<li><strong>Fahrradverleih:</strong> Bewegung in der Natur</li>
<li><strong>E-Roller:</strong> Schnelle und umweltfreundliche Fortbewegung</li>
<li><strong>Golfwagen:</strong> Ideal für kürzere Strecken und Sightseeing</li>
<li><strong>Tennisplatz:</strong> Genießen Sie das Spiel mit der Familie auf unserem Sandplatz</li>
<li>Bereitstellung von Hilfsmitteln zur Unterbringung und Versorgung von Kleinkindern<br />
(Kinderbett, Badewanne, WC-Sitzverkleinerer, Hochstuhl, Nasensauger)</li>
</ul>
<p>
	</div>
</div>
<div class="row section justify-content-end"><div class="col-md-1 d-none d-md-block icon"><img decoding="async" src="https://www.belenushotel.hu/wp-content/themes/belenus/images/gallery.svg"><h4>7</h4> <span>Bilder</span></div><div class="col-md-11 align-self-end description"><div class="gallery-imgs gal-540534 row">
			<div class="gallery-item col-sm-10 pref-img">
						<a href="https://www.belenushotel.hu/files/2024/05/egyutt_a_csalad_03.webp">
							<img decoding="async" src="https://www.belenushotel.hu/files/2024/05/egyutt_a_csalad_03.webp" alt="" class="img-fluid">
							
							<span class="g-text">Um auf die anderen Elemente der Galerie zuzugreifen, klicken Sie auf das Bild!</span>
						</a>
					  
    		</div><a href="https://www.belenushotel.hu/files/2024/05/egyutt_a_csalad_01.webp" class="d-none">.</a><a href="https://www.belenushotel.hu/files/2024/05/egyutt_a_csalad_02.webp" class="d-none">.</a><a href="https://www.belenushotel.hu/files/2024/06/KEP_9171.webp" class="d-none">.</a><a href="https://www.belenushotel.hu/files/2024/06/belenushotel-12.webp" class="d-none">.</a><a href="https://www.belenushotel.hu/files/2024/06/100_0879_20190615205959.webp" class="d-none">.</a><a href="https://www.belenushotel.hu/files/2024/06/KEP_9226.webp" class="d-none">.</a></div></div></div>

<!-- This site is optimized with the Yoast SEO plugin v27.0 - https://yoast.com/product/yoast-seo-wordpress/ -->
<title>Gemeinsam als Familie | Belenus Thermalhotel *** Zalakaros</title>
<meta name="description" content="Legjobb árak a saját honlapon - Igazán isteni hely a feltöltő wellness pihenésre. Csodás parkkal és termálvizes medencével" />
<meta name="robots" content="index, follow, max-snippet:-1, max-image-preview:large, max-video-preview:-1" />
<link rel="canonical" href="https://www.belenushotel.hu/de/service/gemeinsam-als-familie/" />
<meta property="og:locale" content="de_DE" />
<meta property="og:type" content="article" />
<meta property="og:title" content="Gemeinsam als Familie | Belenus Thermalhotel *** Zalakaros" />
<meta property="og:description" content="Legjobb árak a saját honlapon - Igazán isteni hely a feltöltő wellness pihenésre. Csodás parkkal és termálvizes medencével" />
<meta property="og:url" content="https://www.belenushotel.hu/de/service/gemeinsam-als-familie/" />
<meta property="og:site_name" content="Belenus Thermalhotel *** Zalakaros" />
<meta property="article:publisher" content="https://www.facebook.com/belenushotel" />
<meta property="article:modified_time" content="2024-06-07T11:57:45+00:00" />
<meta property="og:image" content="https://www.belenushotel.hu/wp-content/themes/belenus/images/gallery.svg" />
<meta name="twitter:card" content="summary_large_image" />
<meta name="twitter:label1" content="Geschätzte Lesezeit" />
	<meta name="twitter:data1" content="1 Minute" />
<script type="application/ld+json" class="yoast-schema-graph">{"@context":"https://schema.org","@graph":[{"@type":"WebPage","@id":"https://www.belenushotel.hu/de/service/gemeinsam-als-familie/","url":"https://www.belenushotel.hu/de/service/gemeinsam-als-familie/","name":"Gemeinsam als Familie | Belenus Thermalhotel *** Zalakaros","isPartOf":{"@id":"https://www.belenushotel.hu/#website"},"datePublished":"2024-05-21T14:15:49+00:00","dateModified":"2024-06-07T11:57:45+00:00","description":"Legjobb árak a saját honlapon - Igazán isteni hely a feltöltő wellness pihenésre. Csodás parkkal és termálvizes medencével","breadcrumb":{"@id":"https://www.belenushotel.hu/de/service/gemeinsam-als-familie/#breadcrumb"},"inLanguage":"de","potentialAction":[{"@type":"ReadAction","target":["https://www.belenushotel.hu/de/service/gemeinsam-als-familie/"]}]},{"@type":"BreadcrumbList","@id":"https://www.belenushotel.hu/de/service/gemeinsam-als-familie/#breadcrumb","itemListElement":[{"@type":"ListItem","position":1,"name":"Service","item":"https://www.belenushotel.hu/de/service/"},{"@type":"ListItem","position":2,"name":"Gemeinsam als Familie"}]},{"@type":"WebSite","@id":"https://www.belenushotel.hu/#website","url":"https://www.belenushotel.hu/","name":"Belenus Thermalhotel *** Superior Zalakaros","description":"Egy „isteni” hely...","publisher":{"@id":"https://www.belenushotel.hu/#organization"},"potentialAction":[{"@type":"SearchAction","target":{"@type":"EntryPoint","urlTemplate":"https://www.belenushotel.hu/?s={search_term_string}"},"query-input":{"@type":"PropertyValueSpecification","valueRequired":true,"valueName":"search_term_string"}}],"inLanguage":"de"},{"@type":"Organization","@id":"https://www.belenushotel.hu/#organization","name":"Belenus Thermalhotel *** Superior Zalakaros","url":"https://www.belenushotel.hu/","logo":{"@type":"ImageObject","inLanguage":"de","@id":"https://www.belenushotel.hu/#/schema/logo/image/","url":"https://www.belenushotel.hu/files/2024/06/belenus_logo_696.webp","contentUrl":"https://www.belenushotel.hu/files/2024/06/belenus_logo_696.webp","width":696,"height":696,"caption":"Belenus Thermalhotel *** Superior Zalakaros"},"image":{"@id":"https://www.belenushotel.hu/#/schema/logo/image/"},"sameAs":["https://www.facebook.com/belenushotel"]}]}</script>
<!-- / Yoast SEO plugin. -->

Legjobb árak a saját honlapon - Igazán isteni hely a feltöltő wellness pihenésre. Csodás parkkal és termálvizes medencével
